{"id":62,"date":"2022-08-26T14:28:59","date_gmt":"2022-08-26T12:28:59","guid":{"rendered":"https:\/\/2.roeser-webseiten.de\/vorlage4\/?page_id=62"},"modified":"2024-11-08T13:46:55","modified_gmt":"2024-11-08T12:46:55","slug":"impressum","status":"publish","type":"page","link":"https:\/\/2.roeser-webseiten.de\/vorlage4\/impressum\/","title":{"rendered":"Impressum"},"content":{"rendered":"<p>[et_pb_section fb_built=&#8220;1&#8243; _builder_version=&#8220;4.16&#8243; _module_preset=&#8220;47504ad1-e904-4b2d-a528-038e4edeeacb&#8220; global_colors_info=&#8220;{}&#8220;][et_pb_row _builder_version=&#8220;4.16&#8243; _module_preset=&#8220;2d0746a1-bbae-417d-9d24-f11c627e3cf1&#8243; background_size=&#8220;initial&#8220; background_position=&#8220;top_left&#8220; background_repeat=&#8220;repeat&#8220; global_colors_info=&#8220;{}&#8220;][et_pb_column type=&#8220;4_4&#8243; _builder_version=&#8220;4.16&#8243; _module_preset=&#8220;default&#8220; custom_padding=&#8220;|||&#8220; global_colors_info=&#8220;{}&#8220; custom_padding__hover=&#8220;|||&#8220;][et_pb_text _builder_version=&#8220;4.27.2&#8243; _module_preset=&#8220;_initial&#8220; background_size=&#8220;initial&#8220; background_position=&#8220;top_left&#8220; background_repeat=&#8220;repeat&#8220; custom_margin=&#8220;||0px||false|false&#8220; global_colors_info=&#8220;{}&#8220;]<\/p>\n<h1>Impressum<\/h1>\n<p>[\/et_pb_text][et_pb_text _builder_version=&#8220;4.27.2&#8243; _module_preset=&#8220;_initial&#8220; background_size=&#8220;initial&#8220; background_position=&#8220;top_left&#8220; background_repeat=&#8220;repeat&#8220; global_colors_info=&#8220;{}&#8220;]<\/p>\n<p>Adresse<\/p>\n<p>Registergericht:<br \/>Registernummer:<\/p>\n<p>Umsatzsteuer-Identifikationsnummer gem. \u00a727a UStG.:<br \/>Steuernummer:<\/p>\n<p>Vertreten durch den Gesch\u00e4ftsf\u00fchrer:<br \/>Tel.:<br \/>Fax:<br \/>E-Mail:<\/p>\n<p>[\/et_pb_text][\/et_pb_column][\/et_pb_row][et_pb_row column_structure=&#8220;1_2,1_2&#8243; _builder_version=&#8220;4.16&#8243; _module_preset=&#8220;2d0746a1-bbae-417d-9d24-f11c627e3cf1&#8243; background_size=&#8220;initial&#8220; background_position=&#8220;top_left&#8220; background_repeat=&#8220;repeat&#8220; global_colors_info=&#8220;{}&#8220;][et_pb_column type=&#8220;1_2&#8243; _builder_version=&#8220;4.16&#8243; _module_preset=&#8220;default&#8220; custom_padding=&#8220;|||&#8220; global_colors_info=&#8220;{}&#8220; custom_padding__hover=&#8220;|||&#8220;][et_pb_text _builder_version=&#8220;4.27.2&#8243; _module_preset=&#8220;_initial&#8220; background_size=&#8220;initial&#8220; background_position=&#8220;top_left&#8220; background_repeat=&#8220;repeat&#8220; global_colors_info=&#8220;{}&#8220;]<\/p>\n<p><strong>Bildnachweis<\/strong><\/p>\n<p>[\/et_pb_text][\/et_pb_column][et_pb_column type=&#8220;1_2&#8243; _builder_version=&#8220;4.16&#8243; _module_preset=&#8220;default&#8220; custom_padding=&#8220;|||&#8220; global_colors_info=&#8220;{}&#8220; custom_padding__hover=&#8220;|||&#8220;][et_pb_text _builder_version=&#8220;4.27.2&#8243; _module_preset=&#8220;_initial&#8220; background_size=&#8220;initial&#8220; background_position=&#8220;top_left&#8220; background_repeat=&#8220;repeat&#8220; hover_enabled=&#8220;0&#8243; global_colors_info=&#8220;{}&#8220; sticky_enabled=&#8220;0&#8243;]<\/p>\n<p><strong>Webdesign<\/strong><\/p>\n<p>R\u00f6ser Medienhaus<br \/>Fritz-Erler-Stra\u00dfe 25<br \/>76133 Karlsruhe<\/p>\n<p>Telefon +49 721 37 19-0<br \/>Telefax +49 721 37 19-4 00<br \/><a title=\"E-Mail\" href=\"mailto:info@roeser-medienhaus.de\">info@roeser-medienhaus.de<\/a><br \/><a title=\"Link zur Website R\u00f6ser Medienhaus\" href=\"https:\/\/roeser-medienhaus.de\/\" target=\"_blank\" rel=\"noopener\">www.roeser-medienhaus.de<\/a><\/p>\n<p>[\/et_pb_text][\/et_pb_column][\/et_pb_row][\/et_pb_section]<\/p>\n","protected":false},"excerpt":{"rendered":"<p>ImpressumAdresse Registergericht:Registernummer: Umsatzsteuer-Identifikationsnummer gem. \u00a727a UStG.:Steuernummer: Vertreten durch den Gesch\u00e4ftsf\u00fchrer:Tel.:Fax:E-Mail:BildnachweisWebdesign R\u00f6ser MedienhausFritz-Erler-Stra\u00dfe 2576133 Karlsruhe Telefon +49 721 37 19-0Telefax +49 721 37 19-4 00info@roeser-medienhaus.dewww.roeser-medienhaus.de<\/p>\n","protected":false},"author":1,"featured_media":0,"parent":0,"menu_order":0,"comment_status":"closed","ping_status":"closed","template":"","meta":{"_et_pb_use_builder":"on","_et_pb_old_content":"<p>Gl\u00fcck Raumausstattung<br \/>Magnusstra\u00dfe 1<br \/>68642 B\u00fcrstadt<\/p><p>Tel.: 06206 8071<br \/>E-Mail: raumausstattung-glueck@web.de<\/p><p>Inhaber:<br \/>Burkhard Gl\u00fcck<br \/>Raumausstattermeister<\/p><p>Aufsichtsbeh\u00f6rde und berufsst\u00e4ndige Kammer:<br \/>Handwerkskammer Rhein-Main, Hindenburgstr.1, 64295 Darmstadt<\/p><p>Ust.-Id.-Nr.: DE153669234<\/p><p>Bilder:<\/p><ul><li>Gl\u00fcck Raumausstattung<\/li><li>Die Hersteller sind auf den jeweiligen Produktseitne genannt<\/li><\/ul>","_et_gb_content_width":"","footnotes":""},"class_list":["post-62","page","type-page","status-publish","hentry"],"_links":{"self":[{"href":"https:\/\/2.roeser-webseiten.de\/vorlage4\/wp-json\/wp\/v2\/pages\/62","targetHints":{"allow":["GET"]}}],"collection":[{"href":"https:\/\/2.roeser-webseiten.de\/vorlage4\/wp-json\/wp\/v2\/pages"}],"about":[{"href":"https:\/\/2.roeser-webseiten.de\/vorlage4\/wp-json\/wp\/v2\/types\/page"}],"author":[{"embeddable":true,"href":"https:\/\/2.roeser-webseiten.de\/vorlage4\/wp-json\/wp\/v2\/users\/1"}],"replies":[{"embeddable":true,"href":"https:\/\/2.roeser-webseiten.de\/vorlage4\/wp-json\/wp\/v2\/comments?post=62"}],"version-history":[{"count":5,"href":"https:\/\/2.roeser-webseiten.de\/vorlage4\/wp-json\/wp\/v2\/pages\/62\/revisions"}],"predecessor-version":[{"id":2355,"href":"https:\/\/2.roeser-webseiten.de\/vorlage4\/wp-json\/wp\/v2\/pages\/62\/revisions\/2355"}],"wp:attachment":[{"href":"https:\/\/2.roeser-webseiten.de\/vorlage4\/wp-json\/wp\/v2\/media?parent=62"}],"curies":[{"name":"wp","href":"https:\/\/api.w.org\/{rel}","templated":true}]}}